, 43
Let m be (-109)/4 + 2/8. Suppose -14 = 4*l + 2, 3*z = -l - 52. Let t = z - m. What are the prime factors of t?
11
Suppose 42 = 6*w - 18. Suppose 12*q - 11*q = w. What are the prime factors of q?
2, 5
Let n(l) = -8*l - 6. What are the prime factors of n(-3)?
2, 3
Let o(p) = 3*p**2 - 8*p + 2. Let q(g) = -2*g**2 + 7*g - 1. Let b(w) = 3*o(w) + 4*q(w). What are the prime factors of b(-5)?
7
Suppose 86 = 5*x - 164. Let z = 44 - 77. Let c = x + z. List the prime factors of c.
17
Let n = -74 - -155. List the prime factors of n.
3
Suppose -2*v + 8*v = 18. What are the prime factors of v?
3
Suppose 3*c + 1 = c + x, 3*c + 3*x - 3 = 0. Let r(u) = -u**3 - u**2 + 21. What are the prime factors of r(c)?
3, 7
Let b = -8 - -13. List the prime factors of b.
5
Let p(b) = -b**2 - 15*b + 4. Let d be p(-7). Let l = d - 31. What are the prime factors of l?
29
Suppose -p - 4*p + 840 = 0. Suppose 5*s + 735 = -5*x, 3*x + 2*s + 276 = -p. List the prime factors of x/(-22) - (-6)/33.
7
Let q(n) be the first derivative of -n**5/20 - n**4/3 + 5*n**3/6 + 3*n**2/2 - n - 2. Let a(i) be the first derivative of q(i). List the prime factors of a(-5).
3
Let o(i) = i**2. Let g be o(1). Let p be (25/(-10))/(g/2). Let s = p + 7. What are the prime factors of s?
2
Let x be -4*(0 + 3/(-6)). Suppose -x*p - 2*p + 3*q = -10, -3*p + 2*q + 8 = 0. Suppose p + 20 = 2*z. What are the prime factors of z?
2, 3
Let h(i) = i**2 - 6*i + 5. Let c = 10 + -3. List the prime factors of h(c).
2, 3
Let n(t) = -t - 5. Let m be n(-10). Suppose -m*i + 22 = -3. List the prime factors of i.
5
Let d be (2/(-3))/(2/(-12)). Suppose 2*j = -d*i + 3 + 25, 2*j + 2*i - 20 = 0. List the prime factors of j.
2, 3
Suppose -3*x = 2*z - 103, 3*z + 2*x = -x + 147. Suppose z - 20 = m. What are the prime factors of m?
2, 3
Suppose -3*y = -176 + 38. What are the prime factors of y?
2, 23
Let i(d) = -d**3 - d**2 + d + 13. Let t be i(0). Suppose 0 = -3*w + 12, 3*g - 5*w - t = 3. What are the prime factors of g?
2, 3
Let n(f) = f**2 - f - 1. Let d(j) = 3*j**2 + 3*j. Let k(a) = d(a) - n(a). List the prime factors of k(-3).
7
Suppose 2*w - 26 = 2. Suppose w = 4*o - 6. Suppose o*a - 2*a - 33 = 0. What are the prime factors of a?
11
Suppose 16 = 7*x - 3*x. Let y(o) = -7*o - 1 + x*o - 4*o. List the prime factors of y(-1).
2, 3
Suppose 0 = 4*l - 0*l + 340. List the prime factors of (-5 - l)*(-1)/(-2).
2, 5
Let x = -12 + 12. Let f(d) = d**3 - d**2 - d + 24. What are the prime factors of f(x)?
2, 3
Let q = 17 - 6. Let r(s) = -s**2 + 12*s + 13. List the prime factors of r(q).
2, 3
Let w(q) = q**2 - 4*q - 3. Let o be w(5). Let h = 9 - o. What are the prime factors of h?
7
Let j = -146 - -287. What are the prime factors of j?
3, 47
Suppose 3*m = 7*m + 32. Let s = m - -13. Suppose -s*w = 20, -3*w - 10 - 8 = -2*i. List the prime factors of i.
3
Let f(y) = 3*y**2 + y - 2. Let m = 4 - 2. What are the prime factors of f(m)?
2, 3
Suppose -5*n = -o - 2*o + 36, -3*n - o - 30 = 0. Let k be (-3)/(n/12) - 0. Suppose k*b + 3*i - 33 = 0, -4*i - 4 - 4 = b. What are the prime factors of b?
2, 3
Let v be ((-39)/(-12))/(1/4). Suppose 4*k - 4*r = 5*k + v, -2*k = -2*r - 14. Suppose -k*u - 3*i = 2*i + 5, 2*u + 5*i + 10 = 0. What are the prime factors of u?
5
Suppose 3*x = 5*a + 16, -a - 3 = -4*x + 41. Let h = -8 + x. List the prime factors of h.
2
Let j(a) = -a**3 - 7*a**2 - 9*a + 2. Let o be j(-7). Suppose 5 = -3*c + o. What are the prime factors of c?
2, 5
Let r(q) = q**2 - 5*q + 2. Let f be r(3). Suppose -2*v + 4*v = -2. List the prime factors of (-4)/(v + 3 + f).
2
Let x(i) = -17*i - 9. List the prime factors of x(-5).
2, 19
Suppose 356 = 5*b - 254. List the prime factors of b.
2, 61
Suppose 3*p + 26 = -19. Let o = 16 + 11. Let d = p + o. What are the prime factors of d?
2, 3
Let x(w) = 3*w**2 - w + 13. List the prime factors of x(6).
5, 23
Let j be 4*(3 - 8/1). What are the prime factors of (6/(-10))/(2/j)?
2, 3
Let u(j) = -j**2 + 61. Let p be u(0). Let y = -33 + p. What are the prime factors of y?
2, 7
Let z be 16/(-88) + (-394)/11. Let t = z - -56. List the prime factors of t.
2, 5
Let t = 23 - 16. What are the prime factors of t?
7
List the prime factors of (-1)/(-5) + (-1)/(-10)*2158.
2, 3
Let h = -2 + 8. Let o = -14 + h. Let g = -3 - o. List the prime factors of g.
5
Let l = -5 - -5. Let x(q) = -q**3 + q**2 + q + 6. What are the prime factors of x(l)?
2, 3
Suppose -2*r - 2*r + 1152 = 0. Let z be r/(-30)*(-20)/6. Suppose 0*q = 4*u + 4*q - z, -2*u + 4*q + 28 = 0. What are the prime factors of u?
2, 5
Let g(b) = -4*b**3 - 3*b**2 - 4*b - 10. Let u(z) = -z**3 + z**2 - z. Let c(i) = -g(i) + 5*u(i). Suppose 6*n = n + 40. What are the prime factors of c(n)?
2
Suppose 5*g - 8 = -23. Let j(n) = -6*n + 4. List the prime factors of j(g).
2, 11
Let g = -4 + 4. Suppose 0 = x - g*x - 3*q + 20, -4*x = -5*q + 66. Let w = 21 + x. What are the prime factors of w?
7
Let t(f) = 7*f + 3. What are the prime factors of t(2)?
17
Let q(g) = -g**3 - 3*g**2 - g - 5. Suppose 3*y - 7*y = 4*r + 36, 2*y - 17 = 5*r. List the prime factors of q(y).
3, 5
What are the prime factors of 1 - 2 - 102*-1?
101
Suppose -85 = 12*v - 17*v. List the prime factors of v.
17
Suppose 12 = 6*u - 4*u. Let a be 86/18 + u/27. Suppose -a*l + 6 + 24 = 0. List the prime factors of l.
2, 3
Let g = 9 - -25. List the prime factors of g.
2, 17
Let b(f) = -f - 1. Let t = 34 - 47. Let o = t + 7. List the prime factors of b(o).
5
Let s = -49 + 53. List the prime factors of s.
2
Let m = 11 - 5. List the prime factors of m.
2, 3
Suppose 2*p + 17 - 41 = 0. What are the prime factors of p?
2, 3
List the prime factors of (-1)/(2 - 655/325).
5, 13
Suppose -22 = -2*b + 8. Suppose -6*w + w + 347 = -3*z, -4*z + 214 = 3*w. Suppose 5*a - w - b = 0. What are the prime factors of a?
17
Let n(u) = 2*u + 258. What are the prime factors of n(0)?
2, 3, 43
Let i be -1*3*6/(-9). Let h be 0*1*i/2. Let j(f) = -f + 12. List the prime factors of j(h).
2, 3
Let b be (-1)/(-3) - (-2)/3. Let c = b - 1. Let x = c - -2. List the prime factors of x.
2
Let u be ((-12)/(-16))/(2/8). Suppose 0 = 5*k + u*x + x - 104, -80 = -4*k - 4*x. What are the prime factors of k?
2, 3
Let z(t) = -t**3 - 21*t**2 - 22*t + 2. List the prime factors of z(-20).
2, 3, 7
Let q be (-3)/(-6) + 1/(-2). Let k = -3 - -7. List the prime factors of (q - 1)*(-48)/k.
2, 3
Suppose 5*p + 2 - 7 = -4*m, 4*p = 5*m + 4. Suppose m*w = 2*w - 40. List the prime factors of w.
2, 5
Suppose 5*q + 0*q + 15 = 0. Let i = q - -20. List the prime factors of i.
17
Suppose 7*s - 201 = 72. What are the prime factors of s?
3, 13
Let t(m) = 7*m. Let d be t(-1). Let l = d - -10. What are the prime factors of l?
3
Suppose 148 = m + f, 0 = 3*f - 2 - 10. List the prime factors of m.
2, 3
Suppose 52 = 5*a - 3. List the prime factors of a.
11
Suppose -3*z - 3*h + 6 = 0, 5*z - 11 = 4*z + 2*h. Let k = z + -1. List the prime factors of k.
2
Let f(v) = v**2 + 7. Let c = 9 + -9. What are the prime factors of f(c)?
7
Let g be (32/(-20))/(4/(-10)). Let y = g - 2. What are the prime factors of y?
2
Suppose 4*o - 12 = o. Suppose 0 = -0*v - 2*v. Suppose v = -o*b + 22 + 18. List the prime factors of b.
2, 5
Let a = 36 - 17. Suppose a = u - 6. What are the prime factors of u?
5
Suppose -b + 2*b = 0. Suppose 3*o + b*o = 30. What are the prime factors of o?
2, 5
What are the prime factors of 7378/70 + 2/(-5)?
3, 5, 7
Let k = -15 - -25. Let f(o) = o**2 - o - 2. Let l be f(2). Suppose l*v = 3*y - 3*v - 27, 2*v = y - k. List the prime factors of y.
2
Let p(v) = 14*v - 1. Let y be 4*(-3 + 2)/(-4). List the prime factors of p(y).
13
Let n(r) = -85*r - 5. What are the prime factors of n(-3)?
2, 5
Let y(f) = f**2 + 5*f + 6. Let a be y(-5). Suppose -4*b - 2*v = -a*v + 3220, -3*v = 3*b + 2391. What are the prime factors of b/(-63) + (-2)/(-7)?
13
Suppose -3*k + 26 = -82. List the prime factors of k.
2, 3
Suppose -3*t + 5*l + 101 = 0, -3*l + 7 - 1 = 0. Let c = t - 0. What are the prime factors of c?
37
Suppose 5*m + 3*w = 12, -2*w - w + 12 = 0. Suppose m*c = d + 2*c + 11, 49 = -3*d + 2*c. What are the prime factors of -1 + 3*d/(-9)?
2
Suppose -j + 5*k = -29 + 4, -3*j - 3*k = -165. List the prime factors of j.
2, 5
Let o(x) = x**2 + 4*x + 4. Let s be o(-4). Suppose a + 2 = -2*u + 8, 0 = 5*a - s*u - 16. List the prim